5)*-3 - (-1 - 5)?
8
Let p = -2836 - -6408. What is the thousands digit of p?
3
Suppose -3*i + 23 = 2*p + 7, 3*i - 4*p = -14. Suppose -5*w - i*y - 777 = 0, -531 = 5*w - y + 258. Let k = w - -281. What is the hundreds digit of k?
1
Let f be 2/(-7) + (-244876)/(-203). Suppose 2*n = 5*l + 496, 5*n - 4*l = -0*l + f. What is the tens digit of n?
3
Let a(v) = -323*v - 1918. What is the hundreds digit of a(-28)?
1
Let k(m) = 46*m**2 - 189*m + 636. What is the units digit of k(-34)?
8
Suppose 3*l = 7*l + 5*y + 1445, -4*l = -3*y + 1437. What is the tens digit of l/32*8/(-3)?
3
Suppose 0 = 10*t - 3*t - 56. Let v(y) = 192*y + 206. What is the thousands digit of v(t)?
1
Suppose 560*x - 530*x - 1873680 = 0. What is the units digit of x?
6
Let p(i) = -3*i - 10. Suppose d = -2*z - 9 + 2, 3*z + 3*d + 9 = 0. Let n be p(z). Suppose -118 = n*m - 360. What is the hundreds digit of m?
1
Suppose -256*o = -260*o - 44. What is the hundreds digit of o - -9 - 2052/(-4)?
5
Suppose -n = -3*n + 4, 8 = 2*c + 4*n. Suppose c = -29*a + 34*a. Suppose -3*s + 7 - 4 = a. What is the units digit of s?
1
Suppose -2*c + 56339 = -5*k - 13956, -4*k - 175678 = -5*c. What is the thousands digit of c?
5
Suppose -4*p = 4*c + 88, p + 28 = -124*c + 126*c. Let l be (-4 - -2) + 9 - 1. Let v = l - p. What is the units digit of v?
0
Let n(o) = -o**3 + 26*o**2 - 51*o + 73. Let k be n(24). What is the hundreds digit of 5 + -6 + 327 - k?
3
Suppose -187*v = 295*v - 14427706. What is the thousands digit of v?
9
Suppose 40*x = 44*x + 3*m - 16013, 0 = -4*x + 4*m + 16048. What is the tens digit of x?
0
Let d be 0*(5 - 14/3). Suppose d = -26*n + 46 + 9860. What is the hundreds digit of n?
3
Let a = -4 + 6. Let h(y) = -a*y - 5*y + 6 + 5*y + 20. What is the units digit of h(12)?
2
Let j be ((-576)/384)/((-2)/((-964)/(-3))). Suppose -j*z + 1144 = -237*z. What is the tens digit of z?
8
Let p be (-10)/(2/(-8)*10). What is the units digit of p*1 - -2*36/6?
6
Let a(h) = 142*h**2 + 56*h + 188. What is the tens digit of a(-5)?
5
Let j = 477 - 757. Let c = 634 + j. What is the tens digit of c?
5
Let a be ((-333)/(-2))/(81/(-432)). Let c = 540 - a. What is the tens digit of c?
2
Let u = -15086 + 29517. What is the thousands digit of u?
4
Let d(g) be the second derivative of -3*g**3/2 - 3*g**2 + g. Let y be (2/3)/(19/(-57)). What is the tens digit of d(y)?
1
Let n = -7304 - -51957. What is the tens digit of n?
5
Let g = 72753 - 31483. What is the thousands digit of g?
1
Suppose 2*y - 132 = -2*u - 2*u, u - 23 = -3*y. Suppose -36*t + u*t = -2. Suppose -228 = -t*b - k, 0 = -2*b - 0*k + 5*k + 216. What is the hundreds digit of b?
1
Let n be (5/(105/(-14)))/((-1)/15). Suppose 0 = f + n + 3. Let p = f - -90. What is the tens digit of p?
7
Suppose -2*s + 2 = -7*j + 11*j, 5*s = 4*j - 37. Suppose -5*k - 2*q = -3*k - 1084, -2*k + j*q + 1084 = 0. What is the hundreds digit of k?
5
Suppose n - 3*l = 10, 0 = -0*n - 4*n - 2*l + 12. Suppose 0 = 5*u - n*u - 3, -635 = -2*i - 3*u. What is the hundreds digit of i?
3
Let g be (-2)/(((-2)/1810)/(6/(-10))). What is the units digit of g/21*(-14)/1?
4
Suppose -3*s + 63*j = 58*j - 2032, 0 = s + 4*j - 649. What is the tens digit of s?
6
Suppose 2*j = -t + 1759, 10*t - 8*t = -2*j + 3526. What is the units digit of t?
7
Suppose 3*j = -6*w + 9*w - 9, -j = -2*w + 7. What is the hundreds digit of ((-830)/4*-1)/(j/6)?
2
Let h(r) = -6*r - 128. Let l be h(-23). What is the units digit of 0 + 230 + l/((-15)/3)?
8
Let q(o) = o**2 - 3*o + 1. Let p be q(2). Let y(z) be the second derivative of -5*z**3/6 + z**2 + 202*z. What is the units digit of y(p)?
7
What is the thousands digit of -4 - ((-128511)/4 + 200/(-160))?
2
Suppose 103*c - 39*c - 31*c - 431409 = 0. What is the hundreds digit of c?
0
Suppose -5*n - 54968 + 210298 = 5*d, -5*n + 155258 = -4*d. What is the ten thousands digit of n?
3
What is the units digit of -3 - -257*(9 + 56 + 6)?
4
Suppose 15*w - 23 = 14*w. Let b = 28 - w. Suppose -b*k - 4*n + 8 = -0*k, -5*k + 3*n + 29 = 0. What is the units digit of k?
4
Suppose 31*y - 1945112 = -28*y. What is the hundreds digit of y?
9
Suppose -27*b = 7*b - 5595 + 15387. Suppose 1371 = -4*g + 571. Let j = g - b. What is the units digit of j?
8
Suppose j - 4*t - 10353 = 0, -4*j + 41293 = -503*t + 504*t. What is the tens digit of j?
2
Let a = 1971 - -5423. What is the tens digit of a?
9
Suppose 5*b - 22 = 4*h, -6*h - 9 = -3*h. Let p be (4/(-2))/1 - b*14. What is the units digit of (-2)/((-20)/618) + (-6)/p?
2
Let t(s) = -s**3 + 12*s**2 + 12*s + 16. Let b be (12/(-5))/(3 - (-16)/(-5)). Let g be t(b). Let o = -104 + g. What is the units digit of o?
6
What is the tens digit of (-53)/(-106) - (-31679)/2?
4
Suppose 16 = 2*q + 6*q. Let i(v) = -15*v + 9 - 3*v - v**2 + 12 + q. What is the units digit of i(-19)?
4
Let r = -4200 - -7221. Suppose 4028 = 4*f + 3*p, -2*p - r = -6*f + 3*f. What is the tens digit of f?
0
Suppose -5*j = 2*q + 156, -9*q + 10*q = j + 34. What is the hundreds digit of 0 - 14876/j - 7/(-56)?
4
Suppose 0 = 127*g + 72777 - 476637. What is the units digit of g?
0
Let g(x) = 7*x**3 - 8*x**2 - 7*x - 10. Let q be g(7). Suppose -12*f + k = -16*f + 1947, -4*f + 2*k + q = 0. What is the tens digit of f?
8
Let h = 52 - 52. Suppose -3*p = l + 213 - 59, 4*l + p + 572 = h. Let v = 256 + l. What is the tens digit of v?
1
Suppose -m - 2*z + 626 = 127, -2*m = -2*z - 1022. What is the hundreds digit of m?
5
Suppose 260*g - 4*b + 26916 = 264*g, 4*b - 20194 = -3*g. What is the tens digit of g?
2
What is the ten thousands digit of 7/(-1)*(25 + 41952/(-19))?
1
Let i = 72 + 9761. What is the hundreds digit of i?
8
Suppose 0 = -2*z + 3*x - 2 + 8, 4*z + 8 = x. What is the tens digit of (-7)/21 + (-364)/z?
2
Let j(r) = -r**3 + 11*r**2 - 12*r + 33. What is the units digit of j(-16)?
7
Let b(u) = -2*u**2 - 44*u - 57. Let c be -4*(-9)/72 - (-35)/(-2). What is the hundreds digit of b(c)?
1
What is the thousands digit of (-77)/((40/(-8))/3035) + 7?
6
Let n = 78 - 57. Suppose 16 = -v + n. Suppose 2*i - 3*p = 193, 2*p = v + 5. What is the units digit of i?
4
Let v = 26253 - 12233. What is the hundreds digit of v?
0
Let b be (-2 + 5 - (2 - 64))/(-1). Let q be (b/5)/((-1)/6). Let r = -11 + q. What is the tens digit of r?
6
Let u(t) = -t**3 - 3*t**2 + 10*t - 13. Let i = 52 + -8. Let f = 38 - i. What is the tens digit of u(f)?
3
Let a = -50 - -39. Let k(c) = -c**3 - 11*c**2 - 3*c - 35. Let f be k(a). What is the tens digit of (f/2 + 2)*(21 - -21)?
4
Let s = 103 + -103. Let h be (3 - (s - -5))*-5. Suppose -4*d + v = -799, -8*d + h*d - v = 401. What is the hundreds digit of d?
1
Let b = 13 - -6183. What is the hundreds digit of b?
1
Let s(v) be the second derivative of v**5/20 - v**4/12 + 5*v**3/6 - 2*v**2 - 6*v. Let w be s(2). Suppose -3*a - 28 = -w*a. What is the units digit of a?
4
Suppose 85*v + 311334 = 199*v. What is the thousands digit of v?
2
Suppose 0*c - 6 = -c. Suppose -4*m + 3*d = -6, 0 = -10*m + 13*m - d - 7. Suppose -c*q + m*q = -267. What is the tens digit of q?
8
Let m = 55 - 38. Suppose 23*p - 10 = 82. Suppose -2*a - p*f = -a, 5*a + 3*f = m. What is the units digit of a?
4
Let d(c) = -c**2 - 12*c + 14. Let o be d(-18). Let n = 324 + o. What is the hundreds digit of n?
2
Suppose 129 - 97 = -4*a. Let m(c) = -2*c**3 - 13*c**2 + 8*c - 14. What is the units digit of m(a)?
4
Suppose 0 = -2*i + 2320 - 466. Suppose 11*t - 12526 = i. What is the thousands digit of t?
1
Suppose 12 - 14 = -x. Suppose 3*l - l + 18 = x*i, 0 = -4*l - 8. Suppose 354 = i*d - 332. What is the tens digit of d?
9
Suppose -64064 = 22*b - 30*b. Suppose -k + 10*q + 1600 = 9*q, -3*q = -5*k + b. What is the hundreds digit of k?
6
Suppose 29*r - 295057 = 31*r - 63*r. What is the units digit of r?
7
Let c(s) = -47*s + 76. Let z(n) = -97*n + 154. Let a(o) = -5*c(o) + 2*z(o). What is the units digit of a(4)?
2
Let k = -66 + 66. Let t be ((-4)/(-1) + -3)*k/5. Suppose 3*q - q = -2*u + 228, -3*q + 3*u + 330 = t. What is the tens digit of q?
1
Suppose -3*t = 2*g - 17385, -14*t + 9*t - 4*g = -28975. What is the units digit of t?
5
Suppose -5*i + 0 = 5*r + 55, -15 = r + 3*i. Let u(c) = -37*c + 39. What is the tens digit of u(r)?
7
Let r = -12702 - -18903. Suppose 0 = -21*s + 12*s + r. What is the hundreds digit of s?
6
Suppose 4*h - 5*c = h + 31384, -2*c - 5231